{"id":833,"date":"2018-08-01T04:11:50","date_gmt":"2018-08-01T04:11:50","guid":{"rendered":"http:\/\/baque.famithemes.com\/?page_id=833"},"modified":"2023-08-04T04:17:38","modified_gmt":"2023-08-04T04:17:38","slug":"contact-simple","status":"publish","type":"page","link":"https:\/\/industriallo.com\/?page_id=833","title":{"rendered":"Contacto"},"content":{"rendered":"<div class=\"vc_row wpb_row vc_row-fluid vc_custom_1564347370094 baque_custom_62e1704df26ce vc_custom_1564347370094 vc_custom_1564347370094\"><div class=\"wpb_column vc_column_container vc_col-sm-6\"><div class=\"vc_column-inner\"><div class=\"wpb_wrapper\">            <div class=\"baque-heading default align-left dark left   vc_custom_1564347910036 baque_custom_62e1704df26d1 vc_custom_1564347910036 vc_custom_1564347910036 \">\n                                    <div class=\"title-inner\">\n                        <h4 class=\"baque-title\"\n                            >\n                            <span class=\"title\">Escr\u00edbenos<\/span>\n                                                    <\/h4>\n                    <\/div>\n                            <\/div>\n            \n<div class=\"wpcf7 no-js\" id=\"wpcf7-f840-o1\" lang=\"en-US\" dir=\"ltr\" data-wpcf7-id=\"840\">\n<div class=\"screen-reader-response\"><p role=\"status\" aria-live=\"polite\" aria-atomic=\"true\"><\/p> <ul><\/ul><\/div>\n<form action=\"\/index.php?rest_route=%2Fwp%2Fv2%2Fpages%2F833#wpcf7-f840-o1\" method=\"post\" class=\"wpcf7-form init\" aria-label=\"Contact form\" novalidate=\"novalidate\" data-status=\"init\">\n<fieldset class=\"hidden-fields-container\"><input type=\"hidden\" name=\"_wpcf7\" value=\"840\" \/><input type=\"hidden\" name=\"_wpcf7_version\" value=\"6.1.5\" \/><input type=\"hidden\" name=\"_wpcf7_locale\" value=\"en_US\" \/><input type=\"hidden\" name=\"_wpcf7_unit_tag\" value=\"wpcf7-f840-o1\" \/><input type=\"hidden\" name=\"_wpcf7_container_post\" value=\"0\" \/><input type=\"hidden\" name=\"_wpcf7_posted_data_hash\" value=\"\" \/>\n<\/fieldset>\n<div class=\"form-simple auto-clear\">\n\t<div class=\"row\">\n\t\t<div class=\"col-sm-12\">\n\t\t\t<p><span class=\"wpcf7-form-control-wrap\" data-name=\"nombre\"><input size=\"40\" maxlength=\"400\" class=\"wpcf7-form-control wpcf7-text wpcf7-validates-as-required\" aria-required=\"true\" aria-invalid=\"false\" placeholder=\"Nombre*\" value=\"\" type=\"text\" name=\"nombre\" \/><\/span>\n\t\t\t<\/p>\n\t\t<\/div>\n\t\t<div class=\"col-sm-12\">\n\t\t\t<p><span class=\"wpcf7-form-control-wrap\" data-name=\"email\"><input size=\"40\" maxlength=\"400\" class=\"wpcf7-form-control wpcf7-email wpcf7-validates-as-required wpcf7-text wpcf7-validates-as-email\" aria-required=\"true\" aria-invalid=\"false\" placeholder=\"Email*\" value=\"\" type=\"email\" name=\"email\" \/><\/span>\n\t\t\t<\/p>\n\t\t<\/div>\n\t\t<div class=\"col-sm-12\">\n\t\t\t<p><span class=\"wpcf7-form-control-wrap\" data-name=\"mensaje\"><textarea cols=\"40\" rows=\"10\" maxlength=\"2000\" class=\"wpcf7-form-control wpcf7-textarea wpcf7-validates-as-required\" aria-required=\"true\" aria-invalid=\"false\" placeholder=\"Mensaje\" name=\"mensaje\"><\/textarea><\/span>\n\t\t\t<\/p>\n\t\t<\/div>\n\t\t<div class=\"col-sm-12\">\n\t\t\t<div class=\"contact-submit\">\n\t\t\t\t<p><input class=\"wpcf7-form-control wpcf7-submit has-spinner\" type=\"submit\" value=\"ENVIAR\" \/>\n\t\t\t\t<\/p>\n\t\t\t<\/div>\n\t\t<\/div>\n\t<\/div>\n<\/div><div class=\"wpcf7-response-output\" aria-hidden=\"true\"><\/div>\n<\/form>\n<\/div>\n<\/div><\/div><\/div><div class=\"wpb_column vc_column_container vc_col-sm-6\"><div class=\"vc_column-inner\"><div class=\"wpb_wrapper\">            <div class=\"baque-heading default align-left dark left borrar_elemento  vc_custom_1566588694239 baque_custom_62e1704df26d3 vc_custom_1566588694239 vc_custom_1566588694239 \">\n                                    <div class=\"title-inner\">\n                        <h4 class=\"baque-title\"\n                            >\n                            <span class=\"title\">Escr\u00edbenos<\/span>\n                                                    <\/h4>\n                    <\/div>\n                            <\/div>\n            \n\t<div class=\"wpb_text_column wpb_content_element baque_custom_62e1704df26d4 \" >\n\t\t<div class=\"wpb_wrapper\">\n\t\t\t<div class=\"wpb_text_column wpb_content_element baque_custom_5d5b00239d0bf \">\n<div class=\"wpb_wrapper\">\n<p>Centro de operaciones Quer\u00e9taro Norte<br \/>\nCarretera Estatal 500 Chichimequillas, km 30, Microparque Industrial ATTA, Quer\u00e9taro, Qro.CP 76220<\/p>\n<p>Cel: 442 878 9526<br \/>\nCorreo: <a href=\"mailto:proyectos@industriallo.com\">proyectos@industriallo.com<\/a><\/p>\n<p>Centro de operaciones Quer\u00e9taro Sur<br \/>\nCarretera Quer\u00e9taro-Tequisquiapan km 50,<br \/>\nMicro Parque Akira, Quer\u00e9taro, Qro. M\u00e9xico C.P. 76010<\/p>\n<p>Cel: 442 614 6733<br \/>\nCorreo: <a href=\"mailto:ventas@industriallo.com\">ventas@industriallo.com<\/a><\/p>\n<\/div>\n<\/div>\n\n\t\t<\/div>\n\t<\/div>\n<\/div><\/div><\/div><\/div>\n","protected":false},"excerpt":{"rendered":"Escr\u00edbenos Escr\u00edbenos Centro de operaciones Quer\u00e9taro Norte Carretera Estatal 500 Chichimequillas, km 30, Microparque Industrial ATTA, Quer\u00e9taro, Qro.CP 76220 Cel: 442 878 9526 Correo: proyectos@industriallo.com Centro de operaciones Quer\u00e9taro Sur Carretera Quer\u00e9taro-Tequisquiapan km 50, Micro Parque Akira, Quer\u00e9taro, Qro. M\u00e9xico C.P. 76010 Cel: 442 614 6733 Correo: ventas@industriallo.com","protected":false},"author":1,"featured_media":0,"parent":0,"menu_order":0,"comment_status":"closed","ping_status":"closed","template":"","meta":{"footnotes":""},"class_list":["post-833","page","type-page","status-publish","hentry"],"yoast_head":"<!-- This site is optimized with the Yoast SEO plugin v26.8 - https:\/\/yoast.com\/product\/yoast-seo-wordpress\/ -->\n<title>Contacto - Industriallo<\/title>\n<meta name=\"robots\" content=\"index, follow, max-snippet:-1, max-image-preview:large, max-video-preview:-1\" \/>\n<link rel=\"canonical\" href=\"https:\/\/industriallo.com\/?page_id=833\" \/>\n<meta property=\"og:locale\" content=\"es_ES\" \/>\n<meta property=\"og:type\" content=\"article\" \/>\n<meta property=\"og:title\" content=\"Contacto - Industriallo\" \/>\n<meta property=\"og:url\" content=\"https:\/\/industriallo.com\/?page_id=833\" \/>\n<meta property=\"og:site_name\" content=\"Industriallo\" \/>\n<meta property=\"article:modified_time\" content=\"2023-08-04T04:17:38+00:00\" \/>\n<meta name=\"twitter:card\" content=\"summary_large_image\" \/>\n<meta name=\"twitter:label1\" content=\"Tiempo de lectura\" \/>\n\t<meta name=\"twitter:data1\" content=\"1 minuto\" \/>\n<script type=\"application\/ld+json\" class=\"yoast-schema-graph\">{\"@context\":\"https:\/\/schema.org\",\"@graph\":[{\"@type\":\"WebPage\",\"@id\":\"https:\/\/industriallo.com\/?page_id=833\",\"url\":\"https:\/\/industriallo.com\/?page_id=833\",\"name\":\"Contacto - Industriallo\",\"isPartOf\":{\"@id\":\"https:\/\/industriallo.com\/#website\"},\"datePublished\":\"2018-08-01T04:11:50+00:00\",\"dateModified\":\"2023-08-04T04:17:38+00:00\",\"breadcrumb\":{\"@id\":\"https:\/\/industriallo.com\/?page_id=833#breadcrumb\"},\"inLanguage\":\"es\",\"potentialAction\":[{\"@type\":\"ReadAction\",\"target\":[\"https:\/\/industriallo.com\/?page_id=833\"]}]},{\"@type\":\"BreadcrumbList\",\"@id\":\"https:\/\/industriallo.com\/?page_id=833#breadcrumb\",\"itemListElement\":[{\"@type\":\"ListItem\",\"position\":1,\"name\":\"Portada\",\"item\":\"https:\/\/industriallo.com\/\"},{\"@type\":\"ListItem\",\"position\":2,\"name\":\"Contacto\"}]},{\"@type\":\"WebSite\",\"@id\":\"https:\/\/industriallo.com\/#website\",\"url\":\"https:\/\/industriallo.com\/\",\"name\":\"Industriallo\",\"description\":\"Web\",\"potentialAction\":[{\"@type\":\"SearchAction\",\"target\":{\"@type\":\"EntryPoint\",\"urlTemplate\":\"https:\/\/industriallo.com\/?s={search_term_string}\"},\"query-input\":{\"@type\":\"PropertyValueSpecification\",\"valueRequired\":true,\"valueName\":\"search_term_string\"}}],\"inLanguage\":\"es\"}]}<\/script>\n<!-- \/ Yoast SEO plugin. -->","yoast_head_json":{"title":"Contacto - Industriallo","robots":{"index":"index","follow":"follow","max-snippet":"max-snippet:-1","max-image-preview":"max-image-preview:large","max-video-preview":"max-video-preview:-1"},"canonical":"https:\/\/industriallo.com\/?page_id=833","og_locale":"es_ES","og_type":"article","og_title":"Contacto - Industriallo","og_url":"https:\/\/industriallo.com\/?page_id=833","og_site_name":"Industriallo","article_modified_time":"2023-08-04T04:17:38+00:00","twitter_card":"summary_large_image","twitter_misc":{"Tiempo de lectura":"1 minuto"},"schema":{"@context":"https:\/\/schema.org","@graph":[{"@type":"WebPage","@id":"https:\/\/industriallo.com\/?page_id=833","url":"https:\/\/industriallo.com\/?page_id=833","name":"Contacto - Industriallo","isPartOf":{"@id":"https:\/\/industriallo.com\/#website"},"datePublished":"2018-08-01T04:11:50+00:00","dateModified":"2023-08-04T04:17:38+00:00","breadcrumb":{"@id":"https:\/\/industriallo.com\/?page_id=833#breadcrumb"},"inLanguage":"es","potentialAction":[{"@type":"ReadAction","target":["https:\/\/industriallo.com\/?page_id=833"]}]},{"@type":"BreadcrumbList","@id":"https:\/\/industriallo.com\/?page_id=833#breadcrumb","itemListElement":[{"@type":"ListItem","position":1,"name":"Portada","item":"https:\/\/industriallo.com\/"},{"@type":"ListItem","position":2,"name":"Contacto"}]},{"@type":"WebSite","@id":"https:\/\/industriallo.com\/#website","url":"https:\/\/industriallo.com\/","name":"Industriallo","description":"Web","potentialAction":[{"@type":"SearchAction","target":{"@type":"EntryPoint","urlTemplate":"https:\/\/industriallo.com\/?s={search_term_string}"},"query-input":{"@type":"PropertyValueSpecification","valueRequired":true,"valueName":"search_term_string"}}],"inLanguage":"es"}]}},"_links":{"self":[{"href":"https:\/\/industriallo.com\/index.php?rest_route=\/wp\/v2\/pages\/833","targetHints":{"allow":["GET"]}}],"collection":[{"href":"https:\/\/industriallo.com\/index.php?rest_route=\/wp\/v2\/pages"}],"about":[{"href":"https:\/\/industriallo.com\/index.php?rest_route=\/wp\/v2\/types\/page"}],"author":[{"embeddable":true,"href":"https:\/\/industriallo.com\/index.php?rest_route=\/wp\/v2\/users\/1"}],"replies":[{"embeddable":true,"href":"https:\/\/industriallo.com\/index.php?rest_route=%2Fwp%2Fv2%2Fcomments&post=833"}],"version-history":[{"count":5,"href":"https:\/\/industriallo.com\/index.php?rest_route=\/wp\/v2\/pages\/833\/revisions"}],"predecessor-version":[{"id":2107,"href":"https:\/\/industriallo.com\/index.php?rest_route=\/wp\/v2\/pages\/833\/revisions\/2107"}],"wp:attachment":[{"href":"https:\/\/industriallo.com\/index.php?rest_route=%2Fwp%2Fv2%2Fmedia&parent=833"}],"curies":[{"name":"wp","href":"https:\/\/api.w.org\/{rel}","templated":true}]}}